7*y(d). Determine p(15).
16
Let l(h) = 4*h**3 + 7*h**2 + 21*h - 9. Let x(y) = -5*y**3 - 7*y**2 - 35*y + 10. Let a(p) = 4*l(p) + 3*x(p). Calculate a(-9).
21
Let s be 3/(-5) - (11 + 1056/(-60)). Let g(b) = -s*b + 2 - 32*b**2 - 6 + 30*b**2. What is g(-5)?
-24
Suppose 0 = 111*l - 276 - 57. Let k(y) be the third derivative of 0 + 1/60*y**5 - y**l + 0*y + 1/6*y**4 - 33*y**2. Determine k(-7).
15
Let i(q) be the second derivative of q**4/12 + 13*q**3/6 + 19*q**2/2 - 12*q - 51. Determine i(-8).
-21
Let z(f) = -4*f - 3. Let b(j) = j**3 - 12*j**2 + 30*j - 10. Let r be b(9). Suppose -r = -14*t - 45. Calculate z(t).
5
Let z(l) = l + 3. Let f(o) = -18. Let w(n) = f(n) + 4*z(n). Let t be (-17)/(-3) - (280/(-12) - -22). What is w(t)?
22
Let d(z) = -z**3 - 6*z**2 + 8*z + 8. Let x be d(-7). Let i be (((-6)/9)/x)/((-5)/(-60)). Let t(a) = -55*a - 59*a + 9 + 115*a + 2. Give t(i).
3
Let p(c) be the third derivative of -c**4/6 - 5*c**3/6 - 1291*c**2. Let m = -19 - -13. Determine p(m).
19
Suppose 0 = 3*c - 3*r - 60, -3*c + 3*r + 57 = r. Let k(s) = 12 - c + 8 - s. Suppose 8 = -u + 5*h + 2, -2 = -u + h. What is k(u)?
-1
Let o(w) be the third derivative of -w**6/120 - w**5/10 + w**4/24 + 2*w**3/3 + 60*w**2 + 1. What is o(-5)?
-26
Let a be (-4*10/(-12))/(5/(-15)). Let s be (15/6)/(a/(-8)). Suppose -4*l + s = -6. Let b(n) = n**2 - 1. What is b(l)?
3
Let s(d) = d**3 - 5*d**2 - d + 3. Let c(m) = m**2 + 10*m - 82. Let a(w) = 2*w**2 + 21*w - 164. Let q(t) = 6*a(t) - 13*c(t). Let i be q(-11). Calculate s(i).
-2
Let d = -22 + 70. Let p(t) = -d*t + 27*t + 23*t. Let l be ((-1)/2 - 10/(-4))/1. Determine p(l).
4
Let j(o) = 0*o**2 - 2 - 18*o + 9*o + o + 3*o + o**2. Let g(h) = -3*h - 2. Let t be g(2). Let k(b) = b**2 + 8*b + 6. Let r be k(t). Calculate j(r).
4
Let p(d) = -17*d - 98. Let o(y) = -10*y + 114. Let r be o(12). Calculate p(r).
4
Let d = 51 - 46. Let w(x) = -3*x - d*x + 6*x + 8. Let l(g) = -12*g - 30. Let m be l(-3). What is w(m)?
-4
Let l(n) = -n**3 + 8*n**2 - 2*n - 7. Let t be l(7). Suppose 0 = 12*j + 44 + t. Let d(m) = -4*m**2 - 7*m + 1 + 3*m**2 + 0. Determine d(j).
7
Let g(o) = -64*o**2 - 262*o - 27. Let i be g(-4). Let d(m) = 36*m + 119. Determine d(i).
11
Suppose 11 = 5*q + 31. Let s be q/(-3 - -7) - 3. Let k(w) = 8*w**2 + w - 17. Let m(z) = -7*z**2 - z + 15. Let i(y) = -6*k(y) - 7*m(y). Determine i(s).
9
Let c(d) be the second derivative of -d**4/12 - 8*d**3/3 - 21*d**2/2 + 6415*d. Give c(-17).
-38
Let x(q) be the second derivative of 2*q**3/3 + 38*q**2 - 472*q + 1. Calculate x(-18).
4
Let t(s) = s - 8. Let j be ((-2)/(-4))/(2/24). Suppose -4*k = 16, -r + 0*k + k = -j. Let v be (-108)/(-15) + r/(-10). Give t(v).
-1
Let f(l) = -5*l**3 - 23*l**2 - 2*l + 36. Let d be f(-4). Let a(i) = -i**3 - 6*i**2 - 8*i - 8. What is a(d)?
-8
Let i = 4 - 6. Let k(z) be the third derivative of -z**5/20 + z**4/24 + z**3/3 + 2732*z**2. Calculate k(i).
-12
Let j(i) be the first derivative of i**3/3 - 2*i**2 - i + 4. Let a(l) = l**3 + 18*l**2 + 75*l - 19. Let y be a(-11). Determine j(y).
-4
Let t(o) be the third derivative of -o**4/4 - 47*o**3/2 + 648*o**2. Calculate t(-24).
3
Let i = 176 + -183. Let p be -1 + 4 + (-13 - -3). Let u(o) = -o - 1. Let q(j) = -3*j - 4. Let g(r) = p*u(r) + 2*q(r). Give g(i).
-8
Let k(q) = -3*q - 2. Suppose 0 = -s + 4*s - 6, -i = -4*s + 2. Suppose -48 = i*d - 30. What is k(d)?
7
Let w(l) = -l**2 - 2*l - 2. Let i(d) = 2*d**3 + 3*d**2 - d - 2. Let s be i(-2). Let y be (-5 + 125/20)*s. Give w(y).
-17
Let j(i) = 2*i**2 - 4*i - 24. Let n be j(-3). Suppose m = -m + n. Let u(a) = 1. Let l(g) = -3*g + 5. Let k(o) = -l(o) + 3*u(o). What is k(m)?
7
Let h(b) = 2*b**2 + 1 + 2 - b + 3*b**2 - 6*b**2. Let f(s) = 5*s**3 - 2*s**2 - 2*s + 3. Let m be f(1). Calculate h(m).
-17
Let c(r) be the first derivative of r**3/3 - 9*r**2/2 - 7*r - 3901. What is c(7)?
-21
Let x be 11 - 0 - (4 + -2). Let m(w) = 5 + 5*w**2 - 8*w - 6*w**2 - 20 + x + 11. Give m(-5).
20
Suppose 582*t + 225 = 591*t. Let p(h) = -h**3 + 24*h**2 + 26*h - 37. What is p(t)?
-12
Let s(v) = -4*v - 61. Let n be s(-20). Let w = -6 + 27. Let r(l) = 3*l - w + 2*l**2 - l**2 + n. What is r(-4)?
2
Suppose 1457*z - 1331*z = 1134. Let m(o) = -o**3 + 13*o**2 - 35*o - 20. Give m(z).
-11
Let w(b) = 13*b**2 + 7*b**3 + 10*b + 7*b - 13*b - 6*b**3 - 18 + 7*b. What is w(-12)?
-6
Let q(l) = -l**2 + l - 9. Let s(w) = w + 6*w - 13*w**2 + 7*w - w**3. Suppose -3*i = -4*k + 41 - 3, k + 29 = -2*i. Let h be s(i). Calculate q(h).
-9
Let m(o) = -2*o**3 - 3*o**2 - 109*o - 218. Let v be m(-2). Let c(w) = -21*w + 70. Give c(v).
-14
Let t = -53064 + 53058. Let o(n) = 6*n + 7 - 1 + 2. What is o(t)?
-28
Suppose -5*i - 12 = -i - 3*g, 5*i + 34 = -g. Suppose -4*q + 0*q + 8 = 0. Let o(z) = -2 - 1 + 2*z**q - 5*z - z - 3*z**2. What is o(i)?
-3
Let d(t) = -t**2 - 6*t + 6. Let o be d(-6). Let g be (-192)/(-28) + o/42. Let c(s) = s + 7 - 11*s + 10626*s**3 - 10627*s**3 + 8*s**2. What is c(g)?
-14
Let a(w) = -8*w + 548. Let q(f) = -3*f + 173. Let u(g) = -3*a(g) + 10*q(g). Determine u(17).
-16
Let s(u) = 3*u + 1. Let t be s(4). Suppose 0 = -5*y - t - 12. Let x(g) be the first derivative of g**4/4 + 2*g**3 + 5*g**2/2 + 5*g - 729. Calculate x(y).
5
Let p = 158 + -156. Let w(h) = -3 + 12*h**p + h**3 - 117*h - 2*h**3 + 118*h. Give w(12).
9
Let c(d) be the second derivative of -d**4/12 - 17*d**3/3 - 43*d**2 - 1442*d - 2. What is c(-3)?
7
Suppose 120*p + 449 = -151. Let a(u) = 8*u - 15. Give a(p).
-55
Let m(h) = 6*h**2 + 36*h + 35. Let g be m(-5). Let y(s) = -s**2 + s + 7. What is y(g)?
-13
Let j(c) = -469*c + 446. Let v be j(1). Let z(w) = 2*w**2 + 49*w + 43. Determine z(v).
-26
Let r(d) = d**3 + 4*d**2 + 2*d. Suppose -2*a = -81 + 55. Suppose 3*f = 3*g - f + 8, -4*g + 4*f - 12 = 0. Let c be a/g + -6*(-6)/144. Determine r(c).
3
Let l(z) be the second derivative of -79*z**4/12 + z**3/3 + z**2/2 + 46*z - 3. Determine l(-1).
-80
Suppose 3*q = 6*p - 3*p + 27, -5*q + 21 = p. Let n(y) = -864*y**2 + 9*y - 5*y - 6 + 863*y**2. Determine n(q).
-11
Let x(u) = -7*u**3 - 4*u**2 + 3*u - 45. Let t(k) = 2*k**3 - 2*k**2 - 4*k + 1. Let r(q) = 3*t(q) + x(q). Determine r(-10).
48
Let u(d) = 24*d**2 - 241*d + 242. Let t be u(1). Let m(g) = -g**2 + 17*g + 202. Calculate m(t).
2
Suppose 17*g = -6*g + 7728. Let y be g/(-54) - -6 - 32/18. Let c(k) = -k**3 + 2*k**2 + 4*k + 2. Calculate c(y).
10
Suppose -5*u = -4*s - 486, 3*u - 210 - 81 = 3*s. Let g = 316 + -411. Let l = g + u. Let o(w) = -2*w**2 + 4*w + 1. Give o(l).
-5
Suppose -63*b + 476 = -91. Suppose b*z - 40 = -31*z. Let v(o) = 15*o**2 - o. Determine v(z).
14
Let i(z) be the first derivative of z**2/2 + z + 35. Let x be (-10)/((-80)/12)*-6. Determine i(x).
-8
Suppose 2*h = 2*w - 28, -w = 8*h - 3*h - 20. Let l(g) = w*g - 10*g + g**2 - 4*g + 5. Give l(-5).
25
Let i be (-7 - -11)/(-5*(-5)/25). Let r(y) be the first derivative of -4/3*y**3 - 5/2*y**2 - 5*y + 15 + 1/4*y**i. Give r(5).
-5
Let x(q) be the second derivative of -q**4/12 - 2*q**3/3 + 13*q**2 + 3136*q. What is x(-8)?
-6
Let d(x) be the second derivative of -x**3/3 - 13*x**2/2 - 10*x. Let k(g) = g + 6. Let a(w) = 3*d(w) + 7*k(w). Calculate a(-2).
1
Let h = 175 + -173. Suppose -h*q = 21*q. Let z(y) = y**2 - y + 13. Give z(q).
13
Let i(v) = 9*v + 56. Let m be i(-6). Suppose -4*x = -3*p + 17, -m*p - 2*x - 3*x + 19 = 0. Let r(d) = d**2 - 7*d + 5. What is r(p)?
5
Let y(o) = -13*o**3 + 124*o**2 - 1 - o - 124*o**2. Let x = 89 - 90. Determine y(x).
13
Suppose 0 = -23*q + 2109 - 2063. Let w(f) be the second derivative of -1/12*f**4 - 22*f - 1/2*f**3 + 0*f**q + 0. Calculate w(-4).
-4
Let f(m) = 9*m + m**3 - 18 + 9 + 39*m**2 + 8 - 48*m**2 + 4*m**3. Give f(1).
4
Let b(o) be the first derivative of -o**3/3 + o - 161. Suppose -2*a = -2*s, 2*s + s = -3*a - 24. Give b(a).
-15
Suppose -3*w + 2*z = 3*z + 14, 0 = 2*z + 4. Let b be (w/(-6))/((-6)/(-9)). Let o(u) = 17*u + 11*u + 1 - 24*u. What is o(b)?
5
Let d(u) = u**2 + 7*u - 4. Let s(w) = 6*w**2 + w + 5*w**2 - 17*w**3 + 4*w**2 + 1 - 16*w**2. Let m be s(-1). Suppose f = -3*f - m. Calculate d(f).
-16
Let q(b) = b - 5. Let p(a) = -a**3 + 10*a**2 - a + 11. Let m be p(10). Let h be (-4 + m)/3*-4. Determine q(h).
-1
Let u(c) = c**2 + 16*c + 36. Let z(i) = i - 1. Let y(l) = -u(l) - z(l). Let v be y(-14). Let k(r) = r**3 - r**2 - 3*r**2 - 10 - 3*r**2. Determ